w) = w**3 - 23*w**2 + 28*w - 9. What is the hundreds digit of s(22)?
1
Suppose -3*p = 9 + 21. Let i = p - -21. What is the units digit of i?
1
Suppose -21 = -2*o + w + 1, -o + 4 = -4*w. Suppose 5*v = -a - o, 3*v - 2 = -5*a + 4. Suppose -a*m + 12 = -f, -m + 4*f - 17 = -2*m. What is the units digit of m?
5
Suppose -18 = 7*j - 9*j. Let x(g) = g**3 - g**2 - 3*g + 1. Let z be x(2). Let o = j + z. What is the units digit of o?
8
Let s = 62 - 37. Suppose 1 = 2*n - s. What is the units digit of n?
3
Let n = -5 + 7. Suppose 2*j - 5*m - 19 = 0, 2*j - 4*j - 16 = n*m. Let i(y) = y + 4. What is the units digit of i(j)?
1
Let w(a) = a + 2. Let m be w(-6). Let p(x) = x**2 + x - 3. What is the units digit of p(m)?
9
Let x(a) = -a**2 + 6*a + 3. Suppose 84 = 3*w - 6. Suppose 4*u - w = -s - 2*s, 0 = -2*s + 2*u + 6. What is the units digit of x(s)?
3
Let c(k) = 18*k + 1. Let z(l) = -l**2 + 10*l + 1. Let v be z(10). What is the tens digit of c(v)?
1
Suppose l - 6 = 2*l. Let b(j) = -j**3 - 5*j**2 + 5*j + 1. Let w be b(l). Suppose 4*x = s + w, -14 = -2*x - 2*s + 2. What is the units digit of x?
3
Let j = 0 + -2. Let t be 22/(-8) - j/(-8). What is the units digit of 0 + t/3*-7?
7
Let c be 4/10 + (-48)/20. Let m = c + 4. Suppose 2*r - 2 = 4*u + 6, 3*r - m*u = 16. What is the units digit of r?
6
Let s(v) = -8*v - 3. Let p = -13 + 8. Let x be s(p). Suppose -3*y + 4*b + x = 0, -y + 2*b = 2*y - 29. What is the units digit of y?
7
Let s be (-1 - 4)*(-36)/(-10). Suppose -5*k + 145 = 5*x, 44 = -4*k + 5*x + 124. Let d = s + k. What is the units digit of d?
7
Suppose 4*a - 1 - 19 = 0. What is the units digit of a?
5
Let h = 691 + -444. What is the tens digit of h?
4
Let q = 313 - 110. What is the hundreds digit of q?
2
Suppose 3*c - c = -5*z + 617, -2*z = -2*c - 244. What is the hundreds digit of z?
1
Let l(a) = a**3 - 15*a**2 + 5. Let v be l(15). Suppose -m = -v*m + 20. What is the units digit of m?
5
Let o(l) = l - 33. Let f be o(0). Let q be (f/(-2))/((-4)/(-8)). Suppose -4*c + c + q = 0. What is the tens digit of c?
1
Suppose -i + 2*i - 3 = 0. Let a(v) = 4*v**2 - 1. Let h be a(1). What is the units digit of h/9*2*i?
2
Suppose -2*n - 64 = -5*j + 4, -j = 3*n. Suppose 0 = -5*w + t - 38, -4*t + 24 = -4*w - 0*t. Let z = j + w. What is the units digit of z?
4
Suppose 23 - 3 = 2*q. What is the units digit of q?
0
Let j be (-9 + 1)/(-4 - -3). Suppose -2*t - 4*g = -j*g + 4, -t + 8 = 3*g. Suppose -8 = 2*c + 4*p, -c - t*p - 10 = 2*p. What is the units digit of c?
2
What is the tens digit of 4/18 - (2094/27)/(-2)?
3
Suppose 0 = 5*q + 5*g - 25, -2*g = 5*q - 0*g - 22. What is the units digit of q?
4
Suppose -2*j + 20 = -28. What is the tens digit of j?
2
Let b = 11 - -4. Suppose b = 2*g + 1. What is the units digit of g?
7
Suppose 2*q + 0*q - 4*p = 10, -5*q + 2*p = -17. What is the units digit of (-12)/(-3) - (q + -13)?
4
Let b(r) = -r**3 - 6*r**2 - 4*r. What is the units digit of b(-6)?
4
Suppose 5*n - 14 = -q, 2*n + 136 = 4*q + 36. Suppose -3*h = -h - q. What is the tens digit of h?
1
Suppose 0 = b + 4*g - 84, -5*g - 120 = 4*b - 423. What is the tens digit of b?
7
Let x = -12 + 6. Let w be (7 + -1)/((-4)/x). Suppose w = -4*q + n + 39, -4*q + 2*n + 28 = 0. What is the units digit of q?
8
Let g(o) = o**2 + 3*o + 241. What is the units digit of g(0)?
1
Let h(w) = -w**3 + w**2 + 3*w + 3. Let y be h(3). Let i = y - -17. What is the tens digit of i?
1
Let s(p) = 2*p + 41. What is the units digit of s(-8)?
5
Let s = 5 - 15. Let i = s - -31. What is the tens digit of i?
2
Let p(w) = w**3 - 11*w**2 + 4*w - 11. Let k be p(11). Let x = k + 23. What is the tens digit of x?
5
Suppose -1 = -k - 9. Let a = -3 - k. What is the units digit of a?
5
Suppose z + 3*c - 65 = 0, 4*z = 2*z + 3*c + 139. What is the units digit of z?
8
Let h(d) = 2*d**2 + d + 138. What is the hundreds digit of h(0)?
1
What is the units digit of 116/3*(-21)/(-14)?
8
Let m be -1 + (2 - 4) - -3. Suppose -225 = -5*r - m*r. What is the units digit of r?
5
Let o = 15 - -108. What is the units digit of o?
3
Let j(d) = -3*d + 38. Let v be j(11). Let b(i) = -i**3 + 4*i**2 + 4. Let r be b(3). Let x = r - v. What is the units digit of x?
8
Let c be (2/(-6))/(1/(-6)). Suppose -c*v + 10 = 3*v. Suppose -3*i = v*i + 25, -4*y + 73 = -5*i. What is the units digit of y?
2
Let t(k) = -7*k**2 - 16*k - 12. Let q(o) = -10*o**2 - 24*o - 18. Let u(n) = -5*q(n) + 7*t(n). Let h be u(-8). Let c = 17 - h. What is the units digit of c?
1
What is the tens digit of (10 - 12)*(-73)/2?
7
Suppose -2*v + 5 = -v + 2*s, -5*s - 19 = -v. What is the units digit of v?
9
Suppose -3*k + 5*o - 4*o = 17, o + 4 = 0. Let u = 11 + k. Suppose u*b - 10 = -b. What is the units digit of b?
2
Let h = 6 - 5. Let d be 1 - 0 - (0 - h). Let z(r) = r**2 - r. What is the units digit of z(d)?
2
Let c(b) = b**2 - 15*b - 29. What is the units digit of c(-12)?
5
Suppose j + 30 = 6*j. Suppose -j*x + 15 = -x, x = 2*s - 51. What is the units digit of s?
7
Let q(p) = -p**2 + 9. Let z(f) = 4. Let x(j) = 2*q(j) - 5*z(j). Let r(y) = y**2 + 1. Let v(s) = 3*r(s) + x(s). What is the units digit of v(3)?
0
Let t = -49 - -25. Let x be 19/(-1) - (0 - 2). Let u = x - t. What is the units digit of u?
7
Suppose h = -h + 8. Let d be (-1)/((h/6)/2). Let m = 9 + d. What is the units digit of m?
6
What is the tens digit of (29*-1 - 2)/(3/(-9))?
9
Let t be (-18)/(-4) - (-4)/8. Let m be (0/(-3))/(-4 - -3). Suppose 4*j = g + g + 26, m = -4*j + t*g + 35. What is the units digit of j?
5
Suppose 2*x - 34 = -0*x. Let y = x - 12. What is the units digit of -1 + y/(15/36)?
1
Suppose 0 = 2*i - 5*i + 6. Suppose 3*l + 5 + 2 = -2*b, -i*l = 2*b + 4. What is the units digit of b?
1
Let b be (-1)/2*(-41 - -7). Let h = b - 1. What is the tens digit of h?
1
Let m(c) = c**3 - c**2 + c + 1. Suppose 0*s + 3*s - 12 = 0. Let q(v) = 5*v**3 - 8*v**2 - v + 1. Let b(g) = s*m(g) - q(g). What is the units digit of b(5)?
3
Suppose 3*z + w - 177 = -0*z, -2*w + 6 = 0. What is the units digit of z?
8
Let f(u) = -u**2 - 7*u + 11. Let o be f(-8). Suppose 2*a - o = a. Let h = 7 - a. What is the units digit of h?
4
Let z be 1*((-1)/1 + 2). What is the tens digit of 100/8 - z/(-2)?
1
Let q be 2/1*5/2. Suppose 4*i - 117 = 5*u, 3*i + 5*u = q*i - 71. Suppose 4*o = i - 3. What is the units digit of o?
5
Let h(t) = 4*t - 3. Let z be h(-4). Let a = z + 32. What is the tens digit of a?
1
Suppose -3*x = -x - 6. Suppose -2*q - 4*f + 29 = -x*f, -5*q + 4*f = -66. What is the units digit of q?
4
Let d(n) = -n**3 - 7*n**2 + 2. Let g be d(-7). Let m = g + 2. What is the units digit of (-2)/8 + 9/m?
2
Let w(j) = -4*j**3 - j**2 + 8*j + 3. Let z(p) = 2*p**3 + p**2 - 4*p - 1. Let i(y) = 3*w(y) + 5*z(y). What is the units digit of i(-2)?
0
Let f(v) = v. Let t be 1 + -1 - (3 + -5). Let i be t/3*(-4 - -13). What is the units digit of f(i)?
6
Let p(n) = n**2 - 6*n + 4. Let y be p(6). Suppose 4*j + y*x - 73 = j, 4*j = 5*x + 87. What is the units digit of j?
3
Let x = -112 + 225. What is the hundreds digit of x?
1
Let k = 75 - 34. What is the tens digit of k?
4
Let x(l) = -2*l - 4. Let n be x(-5). Let a be 0*(-3)/n + 1. Let t = a + 1. What is the units digit of t?
2
Let s(p) = -p + 7. Let f be s(5). What is the units digit of ((-6)/18)/(f/(-138))?
3
Suppose -d - 14 = -3*d. Suppose b = -0*b + d. What is the units digit of b?
7
Suppose -16 = n - 0*n. What is the units digit of (0 - 1)/(2/n)?
8
Let i be ((-136)/6)/((-16)/24). Let h = 64 - i. What is the units digit of h?
0
Let j(p) = -40*p - 16. What is the hundreds digit of j(-4)?
1
Let o = -9 - -13. Suppose -15 = a - o*a. What is the units digit of a?
5
Let a be -2*(-9)/(27/6). Suppose -2*t + 88 = 5*x - 4*t, -68 = -a*x + t. What is the units digit of x?
6
What is the tens digit of 98 - (4/14 + (-4)/14)?
9
Suppose -3*u - 2*q = -2, 0 = u + 4*q + 21 - 5. Let r = 6 + u. What is the tens digit of r?
1
Suppose -18*d = -7*d - 264. What is the tens digit of d?
2
Let u be ((-16)/10)/((-3)/15). Suppose 0 = 4*g - 8 - u. Suppose 0 = -4*d - 16, 2*d - 8 = -g*i - 0. What is the units digit of i?
4
What is the tens digit of (-123)/1*12/9*-1?
6
What is the hundreds digit of (-29)/(5 - (-130)/(-25))?
1
Let v(o) = -o**2 + 8*o + 3. Let p be v(8). What is the units digit of 10/p - 13/39?
3
Suppose 7*o = 8*o - 35. What is the tens digi